{"id":460,"date":"2025-07-19T17:26:06","date_gmt":"2025-07-19T17:26:06","guid":{"rendered":"https:\/\/fralestore.com\/?post_type=product&#038;p=460"},"modified":"2025-07-19T17:26:07","modified_gmt":"2025-07-19T17:26:07","slug":"balsamo-multiusos-oriflame-tender-care","status":"publish","type":"product","link":"https:\/\/fralestore.com\/index.php\/producto\/balsamo-multiusos-oriflame-tender-care\/","title":{"rendered":"B\u00c1LSAMO MULTIUSOS ORIFLAME TENDER CARE"},"content":{"rendered":"<p>Tender Care ofrece m\u00faltiples beneficios y se usa para todo, desde manos secas, cut\u00edculas y labios agrietados hasta cejas, codos y pies secos, dejando la piel maravillosamente suave, tersa y nutrida.<\/p>\n<ul>\n<li>Aceite de semilla de maracuy\u00e1 natural para una nutrici\u00f3n adicional y un sabor delicioso.<\/li>\n<li>\u00a1Ahora con una f\u00f3rmula de origen 99,9% natural!<\/li>\n<li>Nutrici\u00f3n profunda gracias a una mezcla excepcionalmente hidratante de aceites naturales, cera de abejas y vitamina E.<\/li>\n<\/ul>\n","protected":false},"excerpt":{"rendered":"<p>Tender Care ofrece m\u00faltiples beneficios y se usa para todo, desde manos secas, cut\u00edculas y labios agrietados hasta cejas, codos y pies secos, dejando la piel maravillosamente suave, tersa y nutrida.<\/p>\n<ul>\n<li>Aceite de semilla de maracuy\u00e1 natural para una nutrici\u00f3n adicional y un sabor delicioso.<\/li>\n<li>\u00a1Ahora con una f\u00f3rmula de origen 99,9% natural!<\/li>\n<li>Nutrici\u00f3n profunda gracias a una mezcla excepcionalmente hidratante de aceites naturales, cera de abejas y vitamina E.<\/li>\n<\/ul>\n","protected":false},"featured_media":453,"comment_status":"open","ping_status":"closed","template":"","meta":[],"product_brand":[],"product_cat":[44],"product_tag":[],"class_list":{"0":"post-460","1":"product","2":"type-product","3":"status-publish","4":"has-post-thumbnail","6":"product_cat-liquidacion","8":"first","9":"instock","10":"sale","11":"shipping-taxable","12":"purchasable","13":"product-type-simple"},"jetpack_sharing_enabled":true,"_links":{"self":[{"href":"https:\/\/fralestore.com\/index.php\/wp-json\/wp\/v2\/product\/460","targetHints":{"allow":["GET"]}}],"collection":[{"href":"https:\/\/fralestore.com\/index.php\/wp-json\/wp\/v2\/product"}],"about":[{"href":"https:\/\/fralestore.com\/index.php\/wp-json\/wp\/v2\/types\/product"}],"replies":[{"embeddable":true,"href":"https:\/\/fralestore.com\/index.php\/wp-json\/wp\/v2\/comments?post=460"}],"wp:featuredmedia":[{"embeddable":true,"href":"https:\/\/fralestore.com\/index.php\/wp-json\/wp\/v2\/media\/453"}],"wp:attachment":[{"href":"https:\/\/fralestore.com\/index.php\/wp-json\/wp\/v2\/media?parent=460"}],"wp:term":[{"taxonomy":"product_brand","embeddable":true,"href":"https:\/\/fralestore.com\/index.php\/wp-json\/wp\/v2\/product_brand?post=460"},{"taxonomy":"product_cat","embeddable":true,"href":"https:\/\/fralestore.com\/index.php\/wp-json\/wp\/v2\/product_cat?post=460"},{"taxonomy":"product_tag","embeddable":true,"href":"https:\/\/fralestore.com\/index.php\/wp-json\/wp\/v2\/product_tag?post=460"}],"curies":[{"name":"wp","href":"https:\/\/api.w.org\/{rel}","templated":true}]}}