{"id":255,"date":"2025-07-16T15:35:20","date_gmt":"2025-07-16T15:35:20","guid":{"rendered":"https:\/\/fralestore.com\/?post_type=product&#038;p=255"},"modified":"2025-07-18T21:57:19","modified_gmt":"2025-07-18T21:57:19","slug":"bloqueador-facial-skin-first","status":"publish","type":"product","link":"https:\/\/fralestore.com\/index.php\/producto\/bloqueador-facial-skin-first\/","title":{"rendered":"BLOQUEADOR FACIAL SKIN FIRST"},"content":{"rendered":"<p>Disfruta de alta protecci\u00f3n diaria mientras cuidas y embelleces tu piel con el Protector Solar Facial SPF 50 de Skin First. Ahora con \u00c1cido Hialur\u00f3nico que hidrata intensamente, protege contra los da\u00f1os del sol y previene manchas de la piel.<\/p>\n<p>Cantidad: 50 ml.<\/p>\n","protected":false},"excerpt":{"rendered":"<p>Disfruta de alta protecci\u00f3n diaria mientras cuidas y embelleces tu piel con el Protector Solar Facial SPF 50 de Skin First. Ahora con \u00c1cido Hialur\u00f3nico que hidrata intensamente, protege contra los da\u00f1os del sol y previene manchas de la piel.<\/p>\n<p>Cantidad: 50 ml.<\/p>\n","protected":false},"featured_media":248,"comment_status":"open","ping_status":"closed","template":"","meta":[],"product_brand":[],"product_cat":[41,32],"product_tag":[],"class_list":{"0":"post-255","1":"product","2":"type-product","3":"status-publish","4":"has-post-thumbnail","6":"product_cat-skincare","7":"product_cat-perfumeria-y-cosmeticos","9":"first","10":"instock","11":"sale","12":"shipping-taxable","13":"purchasable","14":"product-type-simple"},"jetpack_sharing_enabled":true,"_links":{"self":[{"href":"https:\/\/fralestore.com\/index.php\/wp-json\/wp\/v2\/product\/255","targetHints":{"allow":["GET"]}}],"collection":[{"href":"https:\/\/fralestore.com\/index.php\/wp-json\/wp\/v2\/product"}],"about":[{"href":"https:\/\/fralestore.com\/index.php\/wp-json\/wp\/v2\/types\/product"}],"replies":[{"embeddable":true,"href":"https:\/\/fralestore.com\/index.php\/wp-json\/wp\/v2\/comments?post=255"}],"wp:featuredmedia":[{"embeddable":true,"href":"https:\/\/fralestore.com\/index.php\/wp-json\/wp\/v2\/media\/248"}],"wp:attachment":[{"href":"https:\/\/fralestore.com\/index.php\/wp-json\/wp\/v2\/media?parent=255"}],"wp:term":[{"taxonomy":"product_brand","embeddable":true,"href":"https:\/\/fralestore.com\/index.php\/wp-json\/wp\/v2\/product_brand?post=255"},{"taxonomy":"product_cat","embeddable":true,"href":"https:\/\/fralestore.com\/index.php\/wp-json\/wp\/v2\/product_cat?post=255"},{"taxonomy":"product_tag","embeddable":true,"href":"https:\/\/fralestore.com\/index.php\/wp-json\/wp\/v2\/product_tag?post=255"}],"curies":[{"name":"wp","href":"https:\/\/api.w.org\/{rel}","templated":true}]}}