{"id":233,"date":"2025-07-16T15:19:19","date_gmt":"2025-07-16T15:19:19","guid":{"rendered":"https:\/\/fralestore.com\/?post_type=product&#038;p=233"},"modified":"2025-07-18T22:02:09","modified_gmt":"2025-07-18T22:02:09","slug":"colonia-aires-del-amazonas","status":"publish","type":"product","link":"https:\/\/fralestore.com\/index.php\/producto\/colonia-aires-del-amazonas\/","title":{"rendered":"COLONIA AIRES DEL AMAZONAS"},"content":{"rendered":"<p>Una colonia para mujer con aroma frutal floral. Transp\u00f3rtate un paisaje tropical con su combinaci\u00f3n de frutos y flores ex\u00f3ticas t\u00edpicas de la regi\u00f3n del Amazonas.<\/p>\n<p><strong>Inspiraci\u00f3n<\/strong>: El amazonas, sus paisajes, su riqueza, sus sabores y su biodiversidad.<\/p>\n","protected":false},"excerpt":{"rendered":"<p>Una colonia para mujer con aroma frutal floral. Transp\u00f3rtate un paisaje tropical con su combinaci\u00f3n de frutos y flores ex\u00f3ticas t\u00edpicas de la regi\u00f3n del Amazonas.<\/p>\n<p><strong>Inspiraci\u00f3n<\/strong>: El amazonas, sus paisajes, su riqueza, sus sabores y su biodiversidad.<\/p>\n","protected":false},"featured_media":219,"comment_status":"open","ping_status":"closed","template":"","meta":[],"product_brand":[],"product_cat":[42,40,32],"product_tag":[],"class_list":{"0":"post-233","1":"product","2":"type-product","3":"status-publish","4":"has-post-thumbnail","6":"product_cat-damas-perfumes","7":"product_cat-perfumes","8":"product_cat-perfumeria-y-cosmeticos","10":"first","11":"instock","12":"sale","13":"shipping-taxable","14":"purchasable","15":"product-type-simple"},"jetpack_sharing_enabled":true,"_links":{"self":[{"href":"https:\/\/fralestore.com\/index.php\/wp-json\/wp\/v2\/product\/233","targetHints":{"allow":["GET"]}}],"collection":[{"href":"https:\/\/fralestore.com\/index.php\/wp-json\/wp\/v2\/product"}],"about":[{"href":"https:\/\/fralestore.com\/index.php\/wp-json\/wp\/v2\/types\/product"}],"replies":[{"embeddable":true,"href":"https:\/\/fralestore.com\/index.php\/wp-json\/wp\/v2\/comments?post=233"}],"wp:featuredmedia":[{"embeddable":true,"href":"https:\/\/fralestore.com\/index.php\/wp-json\/wp\/v2\/media\/219"}],"wp:attachment":[{"href":"https:\/\/fralestore.com\/index.php\/wp-json\/wp\/v2\/media?parent=233"}],"wp:term":[{"taxonomy":"product_brand","embeddable":true,"href":"https:\/\/fralestore.com\/index.php\/wp-json\/wp\/v2\/product_brand?post=233"},{"taxonomy":"product_cat","embeddable":true,"href":"https:\/\/fralestore.com\/index.php\/wp-json\/wp\/v2\/product_cat?post=233"},{"taxonomy":"product_tag","embeddable":true,"href":"https:\/\/fralestore.com\/index.php\/wp-json\/wp\/v2\/product_tag?post=233"}],"curies":[{"name":"wp","href":"https:\/\/api.w.org\/{rel}","templated":true}]}}