{"id":155,"date":"2025-07-12T17:41:22","date_gmt":"2025-07-12T17:41:22","guid":{"rendered":"https:\/\/fralestore.com\/?post_type=product&#038;p=155"},"modified":"2025-07-18T22:09:28","modified_gmt":"2025-07-18T22:09:28","slug":"kalos-action","status":"publish","type":"product","link":"https:\/\/fralestore.com\/index.php\/producto\/kalos-action\/","title":{"rendered":"Kalos Action"},"content":{"rendered":"<p>Fragancia para hombre de la l\u00ednea #1 en ventas de \u00e9sika que potencia tu energ\u00eda, comprobado por la neurociencia. De aroma herbal arom\u00e1tico de alta concentraci\u00f3n y larga duraci\u00f3n, creado con el proceso Essent Tech. Cuenta con refrescantes notas de jengibre de Madagascar y geranio; para el hombre que siempre est\u00e1 en acci\u00f3n y desaf\u00eda sus l\u00edmites para alcanzar el \u00e9xito.<\/p>\n","protected":false},"excerpt":{"rendered":"<p>Fragancia para hombre de la l\u00ednea #1 en ventas de \u00e9sika que potencia tu energ\u00eda, comprobado por la neurociencia. De aroma herbal arom\u00e1tico de alta concentraci\u00f3n y larga duraci\u00f3n, creado con el proceso Essent Tech. Cuenta con refrescantes notas de jengibre de Madagascar y geranio; para el hombre que siempre est\u00e1 en acci\u00f3n y desaf\u00eda sus l\u00edmites para alcanzar el \u00e9xito.<\/p>\n","protected":false},"featured_media":147,"comment_status":"open","ping_status":"closed","template":"","meta":[],"product_brand":[],"product_cat":[40,43,32],"product_tag":[],"class_list":{"0":"post-155","1":"product","2":"type-product","3":"status-publish","4":"has-post-thumbnail","6":"product_cat-perfumes","7":"product_cat-varon-perfumes","8":"product_cat-perfumeria-y-cosmeticos","10":"first","11":"instock","12":"sale","13":"shipping-taxable","14":"purchasable","15":"product-type-simple"},"jetpack_sharing_enabled":true,"_links":{"self":[{"href":"https:\/\/fralestore.com\/index.php\/wp-json\/wp\/v2\/product\/155","targetHints":{"allow":["GET"]}}],"collection":[{"href":"https:\/\/fralestore.com\/index.php\/wp-json\/wp\/v2\/product"}],"about":[{"href":"https:\/\/fralestore.com\/index.php\/wp-json\/wp\/v2\/types\/product"}],"replies":[{"embeddable":true,"href":"https:\/\/fralestore.com\/index.php\/wp-json\/wp\/v2\/comments?post=155"}],"wp:featuredmedia":[{"embeddable":true,"href":"https:\/\/fralestore.com\/index.php\/wp-json\/wp\/v2\/media\/147"}],"wp:attachment":[{"href":"https:\/\/fralestore.com\/index.php\/wp-json\/wp\/v2\/media?parent=155"}],"wp:term":[{"taxonomy":"product_brand","embeddable":true,"href":"https:\/\/fralestore.com\/index.php\/wp-json\/wp\/v2\/product_brand?post=155"},{"taxonomy":"product_cat","embeddable":true,"href":"https:\/\/fralestore.com\/index.php\/wp-json\/wp\/v2\/product_cat?post=155"},{"taxonomy":"product_tag","embeddable":true,"href":"https:\/\/fralestore.com\/index.php\/wp-json\/wp\/v2\/product_tag?post=155"}],"curies":[{"name":"wp","href":"https:\/\/api.w.org\/{rel}","templated":true}]}}